{"id":95,"date":"2020-02-08T13:41:55","date_gmt":"2020-02-08T13:41:55","guid":{"rendered":"http:\/\/test.wagner-back.de\/?page_id=95"},"modified":"2020-03-11T19:42:11","modified_gmt":"2020-03-11T18:42:11","slug":"unser-festzelt","status":"publish","type":"page","link":"https:\/\/bad-hiddenserborn.de\/?page_id=95","title":{"rendered":"unser Festzelt"},"content":{"rendered":"<div id=\"modal-ready\"><p align=\"center\"><span class=\"style3\"> <span style=\"font-size: xx-large;\">Trauen Sie sich unter freiem Himmel!<\/span><\/span><\/p>\n<p align=\"center\"><span style=\"font-size: x-large;\">und feiern Sie den sch\u00f6nsten Tag Ihres Lebens<\/span><\/p>\n<p align=\"center\"><span style=\"font-size: x-large;\">in unserem Festzelt<\/span><\/p>\n<p align=\"center\"><span style=\"font-size: x-large;\">&#8211; einem ganz besonderen Ambiente &#8211;<\/span><\/p>\n<p align=\"center\"><span style=\"font-size: large;\">Unser Festzelt ist f\u00fcr eine &#8222;Feiergemeinde&#8220; von bis zu 400 Personen ausgelegt.<\/span><\/p>\n<p align=\"center\"><div id=\"grid-gallery-5-59838\" data-gg-id=\"5\" data-title=\"Festzelt\" data-grid-type=\"0\" data-offset=\"5.3\" data-area-position=\"center\" data-icons=\"false\" data-preloader=\"true\" data-width=\"215\" data-height=\"215\" data-padding=\"0\" data-quicksand=\"disabled\" data-quicksand-duration=\"none\" data-popup-theme=\"theme_6\" data-popup-type=\"pretty-photo\" data-popup-image-text=\"data-description\" data-popup-widthsize=\"auto\" data-popup-heightsize=\"auto\" data-popup-i18n-words=\"{&quot;close&quot;:&quot;schlie\\u00dfen&quot;,&quot;next&quot;:&quot;n\\u00e4chste&quot;,&quot;previous&quot;:&quot;vorherige&quot;,&quot;start_slideshow&quot;:&quot;Starte Slideshow&quot;,&quot;stop_slideshow&quot;:&quot;Stoppe Slideshow&quot;,&quot;image&quot;:&quot;Bild&quot;,&quot;of&quot;:&quot;von&quot;,&quot;prev&quot;:&quot;vorherige&quot;,&quot;cExpand&quot;:&quot;Erweitere&quot;,&quot;cPrevious&quot;:&quot;Vorheriges&quot;,&quot;cNext&quot;:&quot;N\\u00e4chstes&quot;,&quot;cExpandStr&quot;:&quot;Erweitere Bild&quot;,&quot;cRotate&quot;:&quot;Rotate&quot;,&quot;cDetails&quot;:&quot;Details&quot;}\" data-popup-slideshow=\"false\" data-popup-slideshow-speed=\"2500\" data-popup-hoverstop=\"true\" data-popup-slideshow-auto=\"false\" data-popup-background=\"\" data-popup-transparency=\"30\" data-popup-disable-history=\"\" data-popup-disable-changed-url=\"\" data-popup-border-type=\"solid\" data-popup-border-color=\"\" data-popup-border-width=\"\" data-popup-border-enable=\"\" data-fullscreen=\"false\" data-hide-tooltip=\"false\" data-caption-font-family=\"Default\" data-caption-text-size=\"14px\" data-is-mobile=\"0\" data-caption-mobile=\"false\" data-hide-long-tltp-title=\"0\" data-caption-disabled-on-mobile=\"false\" data-lazyload-enable='1' data-lazyload-effect=\"show\" data-lazyload-effect-duration=\"400\" data-popup-placement-type=\"0\" data-social-sharing=\"{&quot;enabled&quot;:&quot;&quot;,&quot;gallerySharing&quot;:{&quot;enabled&quot;:null,&quot;position&quot;:null},&quot;imageSharing&quot;:{&quot;enabled&quot;:null,&quot;wrapperClass&quot;:&quot; vertical &quot;},&quot;popupSharing&quot;:{&quot;enabled&quot;:null,&quot;wrapperClass&quot;:&quot; vertical &quot;}}\" class=\"grid-gallery grid-gallery-fixed \" style=\" width:100%; height:auto; margin-left:auto; margin-right:auto;position:relative;\"> <div class=\"gallery-loading\"> <div class=\"blocks\"> <div class=\"block\"><\/div> <div class=\"block\"><\/div> <div class=\"block\"><\/div> <div class=\"block\"><\/div> <\/div> <\/div> <div class=\"gallery-sharing-top\"><\/div> <div id=\"photos-5\" class=\"grid-gallery-photos\"><a id=\"gg-5-31\" class=\"gg-link \" data-attachment-id=\"318\" href=\"https:\/\/bad-hiddenserborn.de\/wp-content\/uploads\/2020\/03\/CIMG0367.jpg?gid=5\" target=\"_self\" title=\"Festzelt\" data-rel=\"prettyPhoto[pp_gal]\" style=\"border-radius:0px;\" ><FIGURE class=\"grid-gallery-caption\" data-grid-gallery-type=\"quarter-slide-up\" data-index=\"0\" style=\"display:none;border-radius:0px;; margin:5.3px; width:215px;\" ><div class=\"crop\" style=\" width:215px; height:215px; overflow:hidden;\"><img data-gg-real-image-href=\"http:\/\/s816738417.online.de\/wp-content\/uploads\/2020\/03\/CIMG0367-215x215.jpg\" src=\"http:\/\/s816738417.online.de\/wp-content\/plugins\/gallery-by-supsystic\/src\/GridGallery\/Galleries\/assets\/img\/loading.gif\" class=\"ggImg ggLazyImg\" alt=\"Festzelt\" title=\"Festzelt\" data-description=\"Festzelt\" data-caption=\"Festzelt\" data-title=\"Festzelt\" style=\" width:215px; height:215px;\" \/><\/div><FIGCAPTION class=\"\" data-alpha=\"5\" style=\"color:#ffffff; background-color:#6f0000; font-size:14px; text-align:left; font-family:Default;\" ><div class=\"grid-gallery-figcaption-wrap\" style=\" vertical-align:top;\"><\/div><\/FIGCAPTION><\/FIGURE><\/a><a id=\"gg-5-32\" class=\"gg-link \" data-attachment-id=\"317\" href=\"https:\/\/bad-hiddenserborn.de\/wp-content\/uploads\/2020\/03\/CIMG0366.jpg?gid=5\" target=\"_self\" title=\"Festzelt\" data-rel=\"prettyPhoto[pp_gal]\" style=\"border-radius:0px;\" ><FIGURE class=\"grid-gallery-caption\" data-grid-gallery-type=\"quarter-slide-up\" data-index=\"1\" style=\"display:none;border-radius:0px;; margin:5.3px; width:215px;\" ><div class=\"crop\" style=\" width:215px; height:215px; overflow:hidden;\"><img data-gg-real-image-href=\"http:\/\/s816738417.online.de\/wp-content\/uploads\/2020\/03\/CIMG0366-215x215.jpg\" src=\"http:\/\/s816738417.online.de\/wp-content\/plugins\/gallery-by-supsystic\/src\/GridGallery\/Galleries\/assets\/img\/loading.gif\" class=\"ggImg ggLazyImg\" alt=\"Festzelt\" title=\"Festzelt\" data-description=\"Festzelt\" data-caption=\"Festzelt\" data-title=\"Festzelt\" style=\" width:215px; height:215px;\" \/><\/div><FIGCAPTION class=\"\" data-alpha=\"5\" style=\"color:#ffffff; background-color:#6f0000; font-size:14px; text-align:left; font-family:Default;\" ><div class=\"grid-gallery-figcaption-wrap\" style=\" vertical-align:top;\"><\/div><\/FIGCAPTION><\/FIGURE><\/a><a id=\"gg-5-33\" class=\"gg-link \" data-attachment-id=\"314\" href=\"https:\/\/bad-hiddenserborn.de\/wp-content\/uploads\/2020\/03\/image_001-2.jpg?gid=5\" target=\"_self\" title=\"Festzelt\" data-rel=\"prettyPhoto[pp_gal]\" style=\"border-radius:0px;\" ><FIGURE class=\"grid-gallery-caption\" data-grid-gallery-type=\"quarter-slide-up\" data-index=\"2\" style=\"display:none;border-radius:0px;; margin:5.3px; width:215px;\" ><div class=\"crop\" style=\" width:215px; height:215px; overflow:hidden;\"><img data-gg-real-image-href=\"http:\/\/s816738417.online.de\/wp-content\/uploads\/2020\/03\/image_001-2-215x215.jpg\" src=\"http:\/\/s816738417.online.de\/wp-content\/plugins\/gallery-by-supsystic\/src\/GridGallery\/Galleries\/assets\/img\/loading.gif\" class=\"ggImg ggLazyImg\" alt=\"Festzelt\" title=\"Festzelt\" data-description=\"Festzelt\" data-caption=\"Festzelt\" data-title=\"Festzelt\" style=\" width:215px; height:215px;\" \/><\/div><FIGCAPTION class=\"\" data-alpha=\"5\" style=\"color:#ffffff; background-color:#6f0000; font-size:14px; text-align:left; font-family:Default;\" ><div class=\"grid-gallery-figcaption-wrap\" style=\" vertical-align:top;\"><\/div><\/FIGCAPTION><\/FIGURE><\/a><a id=\"gg-5-34\" class=\"gg-link \" data-attachment-id=\"313\" href=\"https:\/\/bad-hiddenserborn.de\/wp-content\/uploads\/2020\/03\/image_004-2.jpg?gid=5\" target=\"_self\" title=\"Festzelt\" data-rel=\"prettyPhoto[pp_gal]\" style=\"border-radius:0px;\" ><FIGURE class=\"grid-gallery-caption\" data-grid-gallery-type=\"quarter-slide-up\" data-index=\"3\" style=\"display:none;border-radius:0px;; margin:5.3px; width:215px;\" ><div class=\"crop\" style=\" width:215px; height:215px; overflow:hidden;\"><img data-gg-real-image-href=\"http:\/\/s816738417.online.de\/wp-content\/uploads\/2020\/03\/image_004-2-215x215.jpg\" src=\"http:\/\/s816738417.online.de\/wp-content\/plugins\/gallery-by-supsystic\/src\/GridGallery\/Galleries\/assets\/img\/loading.gif\" class=\"ggImg ggLazyImg\" alt=\"Festzelt\" title=\"Festzelt\" data-description=\"Festzelt\" data-caption=\"Festzelt\" data-title=\"Festzelt\" style=\" width:215px; height:215px;\" \/><\/div><FIGCAPTION class=\"\" data-alpha=\"5\" style=\"color:#ffffff; background-color:#6f0000; font-size:14px; text-align:left; font-family:Default;\" ><div class=\"grid-gallery-figcaption-wrap\" style=\" vertical-align:top;\"><\/div><\/FIGCAPTION><\/FIGURE><\/a><a id=\"gg-5-35\" class=\"gg-link \" data-attachment-id=\"312\" href=\"https:\/\/bad-hiddenserborn.de\/wp-content\/uploads\/2020\/03\/image_003-2.jpg?gid=5\" target=\"_self\" title=\"Festzelt\" data-rel=\"prettyPhoto[pp_gal]\" style=\"border-radius:0px;\" ><FIGURE class=\"grid-gallery-caption\" data-grid-gallery-type=\"quarter-slide-up\" data-index=\"4\" style=\"display:none;border-radius:0px;; margin:5.3px; width:215px;\" ><div class=\"crop\" style=\" width:215px; height:215px; overflow:hidden;\"><img data-gg-real-image-href=\"http:\/\/s816738417.online.de\/wp-content\/uploads\/2020\/03\/image_003-2-215x215.jpg\" src=\"http:\/\/s816738417.online.de\/wp-content\/plugins\/gallery-by-supsystic\/src\/GridGallery\/Galleries\/assets\/img\/loading.gif\" class=\"ggImg ggLazyImg\" alt=\"Festzelt\" title=\"Festzelt\" data-description=\"Festzelt\" data-caption=\"Festzelt\" data-title=\"Festzelt\" style=\" width:215px; height:215px;\" \/><\/div><FIGCAPTION class=\"\" data-alpha=\"5\" style=\"color:#ffffff; background-color:#6f0000; font-size:14px; text-align:left; font-family:Default;\" ><div class=\"grid-gallery-figcaption-wrap\" style=\" vertical-align:top;\"><\/div><\/FIGCAPTION><\/FIGURE><\/a> <div class=\"grid-gallery-clearfix\"><\/div> <\/div> <div class=\"gallery-sharing-bottom\"><\/div> <div class=\"grid-gallery-clearfix\"><\/div> <\/div> <!-- Gallery by Supsystic plugin1.15.7 --><\/p>\n<p align=\"center\"><span style=\"font-size: large;\">Das Festzelt bietet nicht nur Schutz bei einem pl\u00f6tzlichen Wetterumschwung im Sommer, sondern dient auch als Verl\u00e4ngerung der &#8222;Freiluftsaison&#8220;.<\/span><\/p>\n<p align=\"center\"><span style=\"font-size: large;\">\u00dcber dies eignet es sich auch hervorragend f\u00fcr Feiern aller Art. <\/span><span style=\"font-size: large;\">Es ist &#8222;mal was anderes&#8220;.<\/span><\/p>\n<p align=\"center\"><span style=\"font-size: large;\">Dieses ungew\u00f6hnliche Zelt-Konzept kommt bei unseren G\u00e4sten sehr gut an.<\/span><\/p>\n<p align=\"center\"><span style=\"font-size: large;\">Ausgestattet mit Sandsteinplatten als Bodenbelag sowie Tanzdielen, mit Tischen und gepolsterten St\u00fchlen m\u00f6bliert und festlich geschm\u00fcckt, <\/span><span style=\"font-size: large;\">empfiehlt es sich auch f\u00fcr gro\u00dfe Gesellschaften.<\/span><\/p>\n<p align=\"center\"><span style=\"font-size: large;\">Die Atmosph\u00e4re wirkt hier im Allgemeinen etwas lockerer.<\/span><\/p>\n<p class=\"style9\" align=\"center\"><span style=\"font-size: large;\">Bei sch\u00f6nem Wetter lassen sich sie Seitenw\u00e4nde \u00f6ffnen, dadurch erf\u00e4hrt Ihre Festivit\u00e4t ein mediterranes Flair.<\/span><\/p>\n<p class=\"style9\" align=\"center\"><span style=\"font-size: large;\">Ein optischer Clou ist \u00fcbrigens der historische Brunnen inmitten des Zeltes.<\/span><\/p>\n<p class=\"style9\" align=\"center\">\u00a0\u00a0\u00a0\u00a0 <span style=\"font-size: large;\">Diesem so genannten &#8222;Born&#8220; verdankt unser Hotel den gleichnamigen Namenszusatz.<\/span><\/p>\n<p class=\"style9\" align=\"center\"><span style=\"font-size: large;\">Was die Speisen betrifft: <\/span><span style=\"font-size: large;\">\u00dcber ein kalt-warmes Buffet hinaus bieten sich hier ungeahnte M\u00f6glichkeiten:<\/span>\u00a0 <span style=\"font-size: large;\">Ob Spanferkel frisch aus dem Smoker, Kalbskeulen oder auch unser &#8222;Espetada&#8220; (Madeirenischer Loorberspie\u00df) &#8211; der Phantasie sind hierbei keine Grenzen gesetzt.<\/span><\/p>\n<p>&nbsp;<\/p>\n<p>&nbsp;<\/p>\n<\/div>","protected":false},"excerpt":{"rendered":"<p>Trauen Sie sich unter freiem Himmel! und feiern Sie den sch\u00f6nsten Tag Ihres Lebens in unserem Festzelt &#8211; einem ganz besonderen Ambiente &#8211; Unser Festzelt ist f\u00fcr eine &#8222;Feiergemeinde&#8220; von bis zu 400 Personen ausgelegt. Das Festzelt bietet nicht nur<\/p>\n","protected":false},"author":1,"featured_media":0,"parent":90,"menu_order":0,"comment_status":"closed","ping_status":"closed","template":"","meta":[],"_links":{"self":[{"href":"https:\/\/bad-hiddenserborn.de\/index.php?rest_route=\/wp\/v2\/pages\/95"}],"collection":[{"href":"https:\/\/bad-hiddenserborn.de\/index.php?rest_route=\/wp\/v2\/pages"}],"about":[{"href":"https:\/\/bad-hiddenserborn.de\/index.php?rest_route=\/wp\/v2\/types\/page"}],"author":[{"embeddable":true,"href":"https:\/\/bad-hiddenserborn.de\/index.php?rest_route=\/wp\/v2\/users\/1"}],"replies":[{"embeddable":true,"href":"https:\/\/bad-hiddenserborn.de\/index.php?rest_route=%2Fwp%2Fv2%2Fcomments&post=95"}],"version-history":[{"count":8,"href":"https:\/\/bad-hiddenserborn.de\/index.php?rest_route=\/wp\/v2\/pages\/95\/revisions"}],"predecessor-version":[{"id":320,"href":"https:\/\/bad-hiddenserborn.de\/index.php?rest_route=\/wp\/v2\/pages\/95\/revisions\/320"}],"up":[{"embeddable":true,"href":"https:\/\/bad-hiddenserborn.de\/index.php?rest_route=\/wp\/v2\/pages\/90"}],"wp:attachment":[{"href":"https:\/\/bad-hiddenserborn.de\/index.php?rest_route=%2Fwp%2Fv2%2Fmedia&parent=95"}],"curies":[{"name":"wp","href":"https:\/\/api.w.org\/{rel}","templated":true}]}}