{"id":82,"date":"2020-02-08T13:38:17","date_gmt":"2020-02-08T13:38:17","guid":{"rendered":"http:\/\/test.wagner-back.de\/?page_id=82"},"modified":"2020-03-11T19:47:13","modified_gmt":"2020-03-11T18:47:13","slug":"restaurant","status":"publish","type":"page","link":"https:\/\/bad-hiddenserborn.de\/?page_id=82","title":{"rendered":"Restaurant"},"content":{"rendered":"<div id=\"modal-ready\"><p>In unserem Restaurant bieten wir Ihnen eine ausgesuchte Auswahl an kulinarischen K\u00f6stlichkeiten und st\u00e4ndig wechselnde saisoniale Gerichte an.<br \/>\nBei uns k\u00f6nnen Sie es sich schmecken lassen!<\/p>\n<p style=\"text-align: center;\"><div id=\"grid-gallery-6-46722\" data-gg-id=\"6\" data-title=\"Restaurant\" data-grid-type=\"0\" data-offset=\"5.3\" data-area-position=\"center\" data-icons=\"false\" data-preloader=\"true\" data-width=\"215\" data-height=\"215\" data-padding=\"0\" data-quicksand=\"disabled\" data-quicksand-duration=\"none\" data-popup-theme=\"theme_6\" data-popup-type=\"pretty-photo\" data-popup-image-text=\"data-description\" data-popup-widthsize=\"auto\" data-popup-heightsize=\"auto\" data-popup-i18n-words=\"{&quot;close&quot;:&quot;schlie\\u00dfen&quot;,&quot;next&quot;:&quot;n\\u00e4chste&quot;,&quot;previous&quot;:&quot;vorherige&quot;,&quot;start_slideshow&quot;:&quot;Starte Slideshow&quot;,&quot;stop_slideshow&quot;:&quot;Stoppe Slideshow&quot;,&quot;image&quot;:&quot;Bild&quot;,&quot;of&quot;:&quot;von&quot;,&quot;prev&quot;:&quot;vorherige&quot;,&quot;cExpand&quot;:&quot;Erweitere&quot;,&quot;cPrevious&quot;:&quot;Vorheriges&quot;,&quot;cNext&quot;:&quot;N\\u00e4chstes&quot;,&quot;cExpandStr&quot;:&quot;Erweitere Bild&quot;,&quot;cRotate&quot;:&quot;Rotate&quot;,&quot;cDetails&quot;:&quot;Details&quot;}\" data-popup-slideshow=\"false\" data-popup-slideshow-speed=\"2500\" data-popup-hoverstop=\"true\" data-popup-slideshow-auto=\"false\" data-popup-background=\"\" data-popup-transparency=\"30\" data-popup-disable-history=\"\" data-popup-disable-changed-url=\"\" data-popup-border-type=\"solid\" data-popup-border-color=\"\" data-popup-border-width=\"\" data-popup-border-enable=\"\" data-fullscreen=\"false\" data-hide-tooltip=\"false\" data-caption-font-family=\"Default\" data-caption-text-size=\"14px\" data-is-mobile=\"0\" data-caption-mobile=\"false\" data-hide-long-tltp-title=\"0\" data-caption-disabled-on-mobile=\"false\" data-lazyload-enable='1' data-lazyload-effect=\"show\" data-lazyload-effect-duration=\"400\" data-popup-placement-type=\"0\" data-social-sharing=\"{&quot;enabled&quot;:&quot;&quot;,&quot;gallerySharing&quot;:{&quot;enabled&quot;:null,&quot;position&quot;:null},&quot;imageSharing&quot;:{&quot;enabled&quot;:null,&quot;wrapperClass&quot;:&quot; vertical &quot;},&quot;popupSharing&quot;:{&quot;enabled&quot;:null,&quot;wrapperClass&quot;:&quot; vertical &quot;}}\" class=\"grid-gallery grid-gallery-fixed \" style=\" width:100%; height:auto; margin-left:auto; margin-right:auto;position:relative;\"> <div class=\"gallery-loading\"> <div class=\"blocks\"> <div class=\"block\"><\/div> <div class=\"block\"><\/div> <div class=\"block\"><\/div> <div class=\"block\"><\/div> <\/div> <\/div> <div class=\"gallery-sharing-top\"><\/div> <div id=\"photos-6\" class=\"grid-gallery-photos\"><a id=\"gg-6-36\" class=\"gg-link \" data-attachment-id=\"279\" href=\"https:\/\/bad-hiddenserborn.de\/wp-content\/uploads\/2020\/03\/image_003.jpg?gid=6\" target=\"_self\" title=\"Restaurant\" data-rel=\"prettyPhoto[pp_gal]\" style=\"border-radius:0px;\" ><FIGURE class=\"grid-gallery-caption\" data-grid-gallery-type=\"quarter-slide-up\" data-index=\"0\" style=\"display:none;border-radius:0px;; margin:5.3px; width:215px;\" ><div class=\"crop\" style=\" width:215px; height:215px; overflow:hidden;\"><img data-gg-real-image-href=\"http:\/\/s816738417.online.de\/wp-content\/uploads\/2020\/03\/image_003-215x215.jpg\" src=\"http:\/\/s816738417.online.de\/wp-content\/plugins\/gallery-by-supsystic\/src\/GridGallery\/Galleries\/assets\/img\/loading.gif\" class=\"ggImg ggLazyImg\" alt=\"Restaurant\" title=\"Restaurant\" data-description=\"Restaurant\" data-caption=\"Restaurant\" data-title=\"Restaurant\" style=\" width:215px; height:215px;\" \/><\/div><FIGCAPTION class=\"\" data-alpha=\"5\" style=\"color:#ffffff; background-color:#6f0000; font-size:14px; text-align:left; font-family:Default;\" ><div class=\"grid-gallery-figcaption-wrap\" style=\" vertical-align:top;\"><\/div><\/FIGCAPTION><\/FIGURE><\/a><a id=\"gg-6-37\" class=\"gg-link \" data-attachment-id=\"280\" href=\"https:\/\/bad-hiddenserborn.de\/wp-content\/uploads\/2020\/03\/image_004.jpg?gid=6\" target=\"_self\" title=\"Restaurant\" data-rel=\"prettyPhoto[pp_gal]\" style=\"border-radius:0px;\" ><FIGURE class=\"grid-gallery-caption\" data-grid-gallery-type=\"quarter-slide-up\" data-index=\"1\" style=\"display:none;border-radius:0px;; margin:5.3px; width:215px;\" ><div class=\"crop\" style=\" width:215px; height:215px; overflow:hidden;\"><img data-gg-real-image-href=\"http:\/\/s816738417.online.de\/wp-content\/uploads\/2020\/03\/image_004-215x215.jpg\" src=\"http:\/\/s816738417.online.de\/wp-content\/plugins\/gallery-by-supsystic\/src\/GridGallery\/Galleries\/assets\/img\/loading.gif\" class=\"ggImg ggLazyImg\" alt=\"Restaurant\" title=\"Restaurant\" data-description=\"Restaurant\" data-caption=\"Restaurant\" data-title=\"Restaurant\" style=\" width:215px; height:215px;\" \/><\/div><FIGCAPTION class=\"\" data-alpha=\"5\" style=\"color:#ffffff; background-color:#6f0000; font-size:14px; text-align:left; font-family:Default;\" ><div class=\"grid-gallery-figcaption-wrap\" style=\" vertical-align:top;\"><\/div><\/FIGCAPTION><\/FIGURE><\/a> <div class=\"grid-gallery-clearfix\"><\/div> <\/div> <div class=\"gallery-sharing-bottom\"><\/div> <div class=\"grid-gallery-clearfix\"><\/div> <\/div> <!-- Gallery by Supsystic plugin1.15.7 --><\/p>\n<p>Hier finden Sie demn\u00e4chst einen Auszug aus unserer Speisekarte.<\/p>\n<\/div>","protected":false},"excerpt":{"rendered":"<p>In unserem Restaurant bieten wir Ihnen eine ausgesuchte Auswahl an kulinarischen K\u00f6stlichkeiten und st\u00e4ndig wechselnde saisoniale Gerichte an. Bei uns k\u00f6nnen Sie es sich schmecken lassen! Hier finden Sie demn\u00e4chst einen Auszug aus unserer Speisekarte.<\/p>\n","protected":false},"author":1,"featured_media":0,"parent":0,"menu_order":0,"comment_status":"closed","ping_status":"closed","template":"","meta":[],"_links":{"self":[{"href":"https:\/\/bad-hiddenserborn.de\/index.php?rest_route=\/wp\/v2\/pages\/82"}],"collection":[{"href":"https:\/\/bad-hiddenserborn.de\/index.php?rest_route=\/wp\/v2\/pages"}],"about":[{"href":"https:\/\/bad-hiddenserborn.de\/index.php?rest_route=\/wp\/v2\/types\/page"}],"author":[{"embeddable":true,"href":"https:\/\/bad-hiddenserborn.de\/index.php?rest_route=\/wp\/v2\/users\/1"}],"replies":[{"embeddable":true,"href":"https:\/\/bad-hiddenserborn.de\/index.php?rest_route=%2Fwp%2Fv2%2Fcomments&post=82"}],"version-history":[{"count":5,"href":"https:\/\/bad-hiddenserborn.de\/index.php?rest_route=\/wp\/v2\/pages\/82\/revisions"}],"predecessor-version":[{"id":327,"href":"https:\/\/bad-hiddenserborn.de\/index.php?rest_route=\/wp\/v2\/pages\/82\/revisions\/327"}],"wp:attachment":[{"href":"https:\/\/bad-hiddenserborn.de\/index.php?rest_route=%2Fwp%2Fv2%2Fmedia&parent=82"}],"curies":[{"name":"wp","href":"https:\/\/api.w.org\/{rel}","templated":true}]}}